t**2 + 4*t + 1. Let l be a(3). Suppose u*h + l - 520 = -3*y, 4*h + 568 = 4*y. What is the tens digit of y?
4
Let f(g) = g**2 + 30*g + 83. Let v be f(-28). Suppose -26*u = -v*u + 1620. What is the units digit of u?
0
What is the tens digit of (-27)/45*5*-66 - -2?
0
Let x(b) = -b**3 - 5*b**2 + 5. Let h be x(-5). Let a be 1 - 2*h/10. Let p(v) = -v**3 + v**2 + 114. What is the hundreds digit of p(a)?
1
Let q(g) = g**3 - 43*g**2 - 17*g + 338. What is the hundreds digit of q(49)?
9
Suppose -6*s = -5*s - 4*s. Suppose -2645 = -5*d + 5*q, s = 2*d - 0*d - q - 1063. What is the units digit of d?
4
Let w(o) = o**3 + 2*o**2 - 9*o - 5. Let u(i) = i**2 - 9*i + 14. Let l be u(6). Let p be w(l). What is the tens digit of (-16)/72 + 245/9 + p?
2
Suppose 5*c - 19 = -a, 0 = -3*c + 3*a - 2 - 1. Let l(d) = 4*d**2 + 34*d + 54. Let k be l(-6). What is the units digit of c/(30/(-155))*k?
3
Let b(j) = 9*j**2 + 29*j + 120. Let q be b(-21). Suppose -8*z + 624 + q = 0. What is the units digit of z?
3
Let c be (-3)/(-9) - (-5)/((-15)/1288). Let n = c - -674. What is the units digit of n?
5
Let j(p) = p**2 - 5*p + 9. Let c be j(4). Let g be 0/(5/(-1)) + c. What is the units digit of (2*155)/g*1?
2
Let x be 9/((-45)/2) - 31288/(-20). Suppose 8*n - 1636 = x. What is the tens digit of n?
0
Let j(a) be the first derivative of 5*a**3/3 + 6*a**2 + 25*a - 56. What is the tens digit of j(-12)?
0
Let l(m) = 12*m**2 - 63*m + 17. Let c be l(5). Suppose -c*a - 4*p + 1458 = 0, 5*p - 974 - 483 = -2*a. What is the hundreds digit of a?
7
Suppose v + 8 = 9. Let c be (2/4 - 1)*-10*v. What is the tens digit of (42/9)/(c/15)?
1
Let l(c) = 2*c**3 + 3*c**2 + 27*c - 68. What is the hundreds digit of l(12)?
1
Let b(r) = -5*r**2 - 3*r - 1. Let l(z) = 11*z**2 + 5*z + 2. Let m(c) = 5*b(c) + 3*l(c). Let w(f) = -2*f - 2. Let t be w(0). What is the tens digit of m(t)?
3
Let i = -1393 + 2831. What is the units digit of 2/(-4 - i/(-359))?
9
Suppose 0 = 5*q + j - 10425 - 101140, 5*q - 111550 = -4*j. What is the hundreds digit of q?
3
Let w = -83 - -86. Suppose -393 = -b - w*z, 3*b - 5*z = -2*b + 2025. What is the units digit of b?
2
What is the units digit of (-5 - 78/(-15)) + (-313362)/(-90)?
2
Let b(s) = -485*s**3 + 2*s**2 + 204*s + 594. What is the hundreds digit of b(-3)?
0
Suppose 0 = -88*c + 77*c + 67045. What is the thousands digit of c?
6
Let i = -198 + 1602. Let q = i - 911. What is the hundreds digit of q?
4
Let l = 110 + -103. Let w be 1227/(-5) + l/((-105)/(-6)). Let i = w - -436. What is the units digit of i?
1
Let r(c) = 4*c**3 - 30*c**2 + 34*c - 55. What is the hundreds digit of r(11)?
0
Suppose -5*f + 23*t - 24*t = -15, -f - 3 = -t. Suppose 0*a + 2*a + 5*r = 1777, 0 = -5*a - f*r + 4453. What is the hundreds digit of a?
8
Let l(i) = 12*i**2 - 38*i - 1407. What is the ten thousands digit of l(55)?
3
What is the hundreds digit of 31/(6510/(-84)) + 135237/5?
0
Let v(b) = 838*b - 30. What is the tens digit of v(5)?
6
Let i(g) = g**3 + 116*g**2 + 864*g + 292. What is the tens digit of i(-103)?
1
Let f(m) = -2*m**3 - 2*m**2 + 2*m - 7. Let x be f(-3). Suppose -18*w - 45 = -x*w. What is the units digit of 78*w/24 + (-3)/(-4)?
0
Let b be ((-6)/(-7))/(75/175). Suppose -2*g + 478 = 2*u, b*g + 154 = u - 94. What is the tens digit of u?
4
Let w(v) be the first derivative of 35*v**2/2 - 45*v + 1. Let s be 627/38 - 11 - 1*5/(-2). What is the hundreds digit of w(s)?
2
Let h(k) = k**3 - 15*k**2 - 2*k + 35. Let i be h(15). Suppose -39 = -i*u - 4. Suppose -266 = -14*d + u*d. What is the tens digit of d?
3
Suppose -11*r - 10348 = 3083. Let k = r - -651. Let v = -324 - k. What is the tens digit of v?
4
Let j(k) be the third derivative of k**5/20 + 9*k**4/8 + 3*k**3 + 134*k**2 - 9*k + 1. Suppose 56 = -5*q + q. What is the tens digit of j(q)?
2
Let t(b) = 11*b + 68. Let z be t(-6). Suppose -u + 4*u = -4*v - 34, -22 = z*v + 4*u. What is the units digit of 0/1 - 20*v?
0
Let j = 4 + 28. Let l = j + 5. Let z = 55 - l. What is the units digit of z?
8
Let f(m) = m**2 + 12*m + 3630*m**3 - 3631*m**3 + 24 + 0*m**2. What is the hundreds digit of f(-8)?
5
Let c = -521 + 524. What is the tens digit of -349*(-1 + -1) - c?
9
Let b(h) = h**2 - 6*h + 13. Suppose 3*j + 0*y + 3*y - 36 = 0, 3*j - 36 = -2*y. Let t be 3*(-4)/j + 1 + 3. What is the units digit of b(t)?
4
Let r(p) = p**2 - 1. Let t(o) = 9*o**2 - 7*o - 7. Let y(d) = -5*r(d) + t(d). What is the hundreds digit of y(-8)?
3
Suppose -4*w + 18080 = -3*f, 5*f = 3*w + 14364 - 44490. Let k be (8 - 15)*7/(98/f). What is the units digit of (-3)/5 + k/20?
0
Let b = -58 + 88. Suppose -2*o - 3*i + 25 = 0, 0*o = 4*o + 2*i - b. Suppose 93 = o*d + 4*w - 99, -33 = -d + w. What is the tens digit of d?
3
Suppose 94*r - 45*r = 53*r - 5232. What is the tens digit of r?
0
Let l = 17257 + -1477. What is the ten thousands digit of l?
1
Let l(o) = 110*o**2 - 14*o - 14. Let a be l(-3). What is the units digit of (5 + a/(-10))/(2/(-10))?
4
Let x = 10499 + -4806. What is the tens digit of x?
9
Suppose 77 = 2*v - 17. Let s = v + -53. What is the tens digit of (-2290)/(-16) - s/(-48)?
4
Let a(r) = 74*r + 2886. What is the hundreds digit of a(31)?
1
Let q(v) be the third derivative of -v**6/60 + 17*v**5/30 + 19*v**4/24 + 3*v**3/2 + 45*v**2. What is the tens digit of q(17)?
3
Suppose -2*d = -13*d + 22. Suppose 709 + 637 = 3*x - d*w, 4*x - 3*w - 1796 = 0. What is the units digit of x?
6
Suppose -2*w = 3*d - 181620, -2*w + 0*w - 18 = 0. What is the thousands digit of d?
0
Let h = 9937 + -6161. What is the thousands digit of h?
3
Let g = 7 + -2. Suppose -4*q = 4*i - 102 - 50, -g*q = 10. What is the tens digit of i?
4
Suppose 2*p = a + 19818 + 35185, p - 4*a - 27484 = 0. What is the hundreds digit of p?
5
Suppose 2*k - 28390 = -j + 39788, 4*k + 4*j - 136368 = 0. What is the hundreds digit of k?
0
Suppose 0 = -7*b + 9182 + 70660. What is the units digit of b?
6
Suppose 4*u + 1 = 5*g + 13, 3 = g + u. Suppose 8 = -g*r + 4*r. What is the units digit of 6093/27 - r/3?
5
What is the ten thousands digit of -18 - -16 - -37586 - (-1 - 3)?
3
Suppose -3*f + 51 = -6*u + u, 0 = -3*f + u + 39. Suppose f*i - 725 = 319. What is the units digit of i?
7
Let u(w) be the second derivative of -w**5/20 + 13*w**4/6 - 7*w**3/6 - 30*w**2 + 84*w. What is the units digit of u(25)?
0
Let s(h) = -429*h - 1348. What is the ten thousands digit of s(-30)?
1
Let d be 12/10*105/(-14). Let q be 1*(-3)/d*2*3. Suppose 3*k - 171 = -2*f, 6*k - q*k - 166 = -2*f. What is the tens digit of f?
9
Suppose 2*q + f = 116226 + 46397, 243912 = 3*q + 4*f. What is the tens digit of q?
1
Let r = -139 - -153. Suppose -2961 - 119 = -r*t. What is the units digit of t?
0
Suppose -3*b + 5*h = -8656 + 2912, 0 = 2*b - 4*h - 3830. Let u = b + -1118. What is the units digit of u?
5
Let p = -132 - -76. Let s = p - -62. Suppose 9*r - s*r = 9. What is the units digit of r?
3
Let y(p) = -70*p**2 + 52*p**2 + p - p + 2*p. Let i be y(1). What is the tens digit of i/(-6)*207/12 + -3?
4
Suppose r + 378 = 386. Suppose -4*g = -4*t + 5760, 0 = 2*t + 5*g - r*g - 2875. What is the tens digit of t?
4
Suppose -5701 = -c + 2*a, 0 = -3*a - 26 + 17. What is the tens digit of c?
9
Suppose 510177 = 32*j + 43233. What is the tens digit of j?
9
Suppose -3*a + 12388 = b, -a = 7*b - 3*b - 4122. What is the thousands digit of a?
4
Let y(o) = -612*o + 68. Suppose g + 2*i = -0*i - 9, -2*g = i + 9. What is the hundreds digit of y(g)?
9
What is the hundreds digit of (-50 - -153)/((((-12)/15)/(-4))/2)?
0
Suppose -47*d = -51*d - 1328. Let m = d - -961. What is the tens digit of m?
2
Suppose 544 = 2*d + 2*d. Suppose -2 - 4 = -2*y. Suppose -y*k + d - 1 = 0. What is the units digit of k?
5
Suppose -8*v + 22 + 2 = 0. Let n(u) = 63*u**2 - 67*u + 6. What is the units digit of n(v)?
2
Let b = -693 + 1473. What is the tens digit of ((-4)/(-3 + 15))/((-2)/b)?
3
Let u(i) = 23*i + 1. Let s be u(5). Suppose j - 27 = -n, 4*n + 4*j + s = 8*n. Suppose 0 = 24*d - n*d + 424. What is the hundreds digit of d?
1
Suppose 0 = -2*a + 2*q - 3*q + 6, 5*a - 20 = -5*q. Suppose -8*d - 1630 = a*d. Let y = 239 + d. What is the units digit of y?
6
Let v(c) = 4*c**2 - 10*c - 91. Let y = -328 - -337. What is the tens digit of v(y)?
4
What is the hundreds digit of 6/8 - (3 - 1 - (-23373)/(-4))?
8
What is the ten thousands digi